)?
3
Let t = 1699 - -20765. Suppose 10*u = -17*u + t. List the prime factors of u.
2, 13
Suppose 18105 = p + 3*r, 4*r + 18113 = p - r. What are the prime factors of p?
2, 3, 503
Let h be (-31866)/(-47)*2/((-8)/(-2)). Let f = h + -36. What are the prime factors of f?
3, 101
Let f = 8490 + 2381. List the prime factors of f.
7, 1553
Let w(m) be the first derivative of -20 + 8*m - 9/2*m**2. What are the prime factors of w(-1)?
17
Let v(b) = -9163*b**3 - b**2 - 8*b - 6. List the prime factors of v(-1).
2, 29, 79
Let z(o) be the first derivative of 34*o**3 - 33*o**2/2 + 88*o - 203. What are the prime factors of z(3)?
907
Let g(i) = 90*i**2 + 10*i + 39. Let z(w) = -5*w**2 + 46*w - 12. Let h be z(9). What are the prime factors of g(h)?
3, 7, 13
Let n(q) be the first derivative of -q**4/4 - q**3/3 + 7*q**2 + 6*q - 43. List the prime factors of n(-7).
2, 101
Suppose 136*u + 5 = 137*u, 4*d - 4*u = 60552. List the prime factors of d.
19, 797
Let p = 3113 + 4760. What are the prime factors of p?
7873
Suppose -g + 12 = -2*g + 4*n, -2*n = -3*g - 26. Let r(x) = 3*x**2 + 15*x + 28. What are the prime factors of r(g)?
2, 5
Let m be -3*((-161)/21 - -6). List the prime factors of 19*(m + (-52)/(-2)).
19, 31
Let l(y) = y**2 + 3*y - 379. Let i be l(-29). Let n = i + 209. List the prime factors of n.
2, 73
Suppose 10*p = 357 + 103. Let u = -41 + p. Suppose 0*q = -r + 2*q + 108, u*r - 3*q - 540 = 0. List the prime factors of r.
2, 3
Let k = 224 + -236. What are the prime factors of (-9)/4*(-328 + k)?
3, 5, 17
Suppose -4648 = -2*o + 3*x + 8541, -5*o = 5*x - 33035. What are the prime factors of o?
2, 3301
Suppose -5*k + 5*b - 30 = b, 24 = -4*k + 4*b. Let u be (-1*2)/(3/k). Suppose u*s - 230 = -2*d, 0*s - 2*s + 117 = 3*d. List the prime factors of s.
3, 19
Let l(g) = -4*g + 75. Let s be l(0). Let i = -121 + s. What are the prime factors of 2*i/(-2) - 4?
2, 3, 7
Suppose 5*v - 23624 = -2*z, -9*v - 11834 = -z - 6*v. List the prime factors of z.
2, 23, 257
Let j = -180 + 401. Let x = 320 + j. Suppose 5*q = -151 + x. List the prime factors of q.
2, 3, 13
Let z(w) = 8*w - 11. Let g be z(6). Let q = 55 - g. List the prime factors of 931/63 - (8/q)/(-2).
3, 5
Suppose 11*w - 7*w - l - 370 = 0, -5*w + 2*l = -461. Let h = w + 192. List the prime factors of h.
3, 5, 19
Let a(j) = -18*j**2 + 26*j - 9. Let b(o) = 9*o**2 - 13*o + 4. Let m(n) = -4*a(n) - 9*b(n). Let v be m(6). List the prime factors of (4*(-3)/(-18))/((-4)/v).
41
Let d be 3/(-6)*(-6 - (6 - 2)). Suppose -2*j - 1494 = -3*l, -1997 = -4*l + d*j - 4*j. List the prime factors of l.
2, 5
Suppose -50*w - 18487 = -53287. Suppose -w = -o + 5*x, -3*o + 3337 - 1195 = 3*x. What are the prime factors of o?
3, 79
Let s be (-4)/(-2)*1/1. Let z be 5 - 0/2 - (s + -3). What are the prime factors of 183/(-54)*-3 + (-1)/z?
2, 5
Let u = -31 + 27. Let b be (-100)/32*u + 2/(-4). List the prime factors of -2*2/b*(-6 + -12).
2, 3
Let w be (-48)/(((-7)/(14/(-4)))/(-11)). Suppose w + 210 = 2*k. Suppose -k + 76 = -7*n. List the prime factors of n.
23
Let y be (1/(-2))/(1/(-338)). Suppose -4*z - 424 = -5*s, -448 = -5*s + 24*z - 26*z. Let u = y - s. List the prime factors of u.
3
Let u(g) = 8*g + 33. Let i be u(9). Let n = -332 - -488. Let x = n - i. What are the prime factors of x?
3, 17
Suppose 56*h - 1493427 = -47*h - 164006. What are the prime factors of h?
12907
Let p(y) = y**2 + 18*y + 845. Let t = 426 - 426. What are the prime factors of p(t)?
5, 13
Suppose -79*o = -69*o - 60. Suppose j = -2*d - 36 - 22, j + 4*d + 56 = 0. What are the prime factors of (-1)/o - 5350/j?
89
Let f = -29 - -33. Suppose 7*j - 9*j - f = 0. What are the prime factors of j + 1 + -3 + 136?
2, 3, 11
Let s be 7*((-4)/6 + (-64)/(-42)). Suppose 0 = 19*g - s*g - 3653. List the prime factors of g.
281
Suppose 141491 + 445669 = 131*y - 11*y. List the prime factors of y.
3, 7, 233
Suppose 5*d - 12*m = -13*m + 30158, 0 = -5*d + 2*m + 30164. What are the prime factors of d?
2, 13, 29
Suppose 15*f = 8*f + 1568. Suppose f = t - 2*n, 5*t = -4*n - 133 + 1295. Suppose -l = -3*l + t. What are the prime factors of l?
5, 23
Let g(u) = u**3 - 7*u**2 + 12*u - 20. Let p be g(5). Let n(v) = -48*v - 52. List the prime factors of n(p).
2, 107
Let h(u) = -2*u**2 - u - 8. Let g be h(0). Let s(l) = -20*l - 49. Let n(p) = p - 2. Let b(c) = -6*n(c) + s(c). List the prime factors of b(g).
3, 19
Suppose 29*t - 16*t - 385905 = 0. What are the prime factors of t?
3, 5, 1979
Let k = 26 - 9. Let n = k - 12. Suppose n*m + 3*y - 300 = 0, -3*m + 6*m = 4*y + 209. What are the prime factors of m?
3, 7
Suppose 4040 = 2*b + 2*t, 5 = 2*t - 3. Suppose -8*c + b = -c. List the prime factors of c.
2, 3
Suppose 11*q + 68758 = -2*q + 185056. List the prime factors of q.
2, 3, 7, 71
Let v = -551 + 581. List the prime factors of ((-4812)/v)/(4/(-20)).
2, 401
List the prime factors of (-232592)/(-17) + (6/27 - (-240)/(-2295)).
2, 6841
Suppose 4767*a - 4761*a - 117750 = 0. What are the prime factors of a?
5, 157
Let m = 42616 - 27520. List the prime factors of m.
2, 3, 17, 37
Suppose -3*k - 4*s = -23596, -4*s + 2*s + 7862 = k. List the prime factors of k.
2, 3, 41
Suppose -5*r = -14*r + 1368. Let t = r - 64. List the prime factors of t.
2, 11
Suppose 0 = 116*r - 114*r + 5*u + 1, -4*r + 12 = -4*u. Suppose -4*w + 913 = x, r*x + 5*w = 1288 + 526. List the prime factors of x.
3, 13, 23
Suppose 3*p + 396*u - 25539 = 399*u, 0 = -4*p + 5*u + 34051. What are the prime factors of p?
2, 3, 11, 43
Let i(o) = o**3 - 22*o**2 + 27*o - 4. Let u be i(21). Let z = u - 72. List the prime factors of z.
2, 5
Suppose 3133 = 3*w - 2*z, 4*z + 5226 = 5*w + 5*z. Suppose -o - 4*o + w = 5*b, 2*b + 5*o - 415 = 0. What are the prime factors of b?
2, 3, 5, 7
Suppose 97*j - 82*j = 42090. List the prime factors of j.
2, 23, 61
Let s(m) = -m**2 - 14*m + 24. Let n be s(-14). Suppose -n*r = -29*r + 20. Suppose -4*g + 7*l - 4*l = -309, 5*g + r*l - 425 = 0. What are the prime factors of g?
3
Let d(n) = -66*n + 10. Let h be d(-10). Let s = h - 270. What are the prime factors of s?
2, 5
Let h(i) = i**3 - 17*i**2 - 38*i + 13. Let o be h(19). Suppose -14*b - 69 = -o*b. Let w = 6 - b. What are the prime factors of w?
3, 5
Let d be 4/22 + (-326)/(-22). Let s(l) = 2*l - 28. Let b be s(d). Suppose -a + 0*a + b*w + 17 = 0, 42 = 2*a + 4*w. What are the prime factors of a?
19
Let y(c) = 12*c**2 + 23*c + 149. Let g be ((-14)/(-32))/(19/(-76))*4. List the prime factors of y(g).
2, 3
Let o(j) = 2*j**2 - 7*j - 4. Let x be -82 + 5/10*4. Let y = 70 + x. What are the prime factors of o(y)?
2, 7, 19
Suppose -4*n = f - 16 + 8, 3*f + 5*n = 3. List the prime factors of (f*169 + 129/43)*-1.
673
Suppose u - 3*a - 125 = 0, -161 = -4*u + a + 306. Suppose 0 = -5*s + 5*z + 1930, s + 4*z - 342 = 59. Suppose 0 = 5*n - u - s. What are the prime factors of n?
101
Let w(s) = 10*s - 28. Let k(b) = b - 1. Let p(m) = -12*k(m) + w(m). List the prime factors of p(-13).
2, 5
Let i(u) = -u**3 - 7*u**2 + 8*u + 36. Let d = 964 - 977. List the prime factors of i(d).
2, 11, 43
Suppose -4*w + 2*g = -100, -93 = -w - 2*w - 3*g. Suppose 15*m - w*m + 10764 = 0. List the prime factors of m.
3, 13, 23
Suppose 3*q - 2*f + 530 = 7*q, 0 = -2*f - 2. Let x = -145 + q. What are the prime factors of 81 + ((x*1)/3)/2?
79
Suppose -27*x + 21*x = 79*x - 513400. List the prime factors of x.
2, 5, 151
Let v(y) be the second derivative of y**5/20 + 2*y**4 + 17*y**3/6 - 9*y**2/2 - 234*y. What are the prime factors of v(-7)?
3, 5, 47
Let v(t) = -2*t**3 - 132*t**2 - 136*t + 131. What are the prime factors of v(-65)?
521
Suppose 20*n + 36 = 23*n. List the prime factors of (n/(-14))/(79/(-23226)).
2, 3, 7
Suppose 17 = 5*v + 1072. Let b = 286 - v. Suppose 4*p = 5*d + b - 28, -2*p - 2*d = -230. What are the prime factors of p?
2, 29
Suppose 3*u = -30*o + 35*o - 65635, u = -4*o + 52508. List the prime factors of o.
13127
Let b(m) be the first derivative of 2*m**2 - 21*m - 32. Let q be b(5). List the prime factors of -1 + (-4)/q + 187/1.
2, 5, 19
Let g be -2*(-3)/6 + (-735)/(-15). Suppose 368 = g*j - 46*j. What are the prime factors of j?
2, 23
Let r(t) = -411*t + 496*t - 41 - 13. What are the prime factors of r(5)?
7, 53
Suppose 8 = -1508*j + 1512*j, 3*j + 76266 = 4*y. List the prime factors of y.
2, 3, 7, 227
Let b(r) = -r